 a factor of 163737288?
True
Is 109 a factor of 129189416?
True
Does 4 divide 25961145?
False
Is 95 a factor of 99060653?
False
Does 8 divide 2024577?
False
Is 1221380981 a multiple of 101?
True
Is 247 a factor of 348478209?
False
Is 25 a factor of 3086200?
True
Does 21 divide 63795379?
False
Is 251891164 a multiple of 7?
True
Is 77775517 even?
False
Does 19 divide 522379661?
False
Is 862 a factor of 2569009355?
False
Is 242458250 a multiple of 1513?
True
Does 103 divide 724193?
True
Does 1083 divide 82870077?
True
Is 46 a factor of 1967034?
False
Is 5855616 a multiple of 736?
True
Does 1727 divide 25561327?
True
Is 402596686 a multiple of 466?
False
Is 757009 a multiple of 11?
True
Is 68274060 a multiple of 458?
True
Is 74561031 a multiple of 51?
True
Is 887 a factor of 14375453?
False
Is 1319040625 a multiple of 85?
True
Is 202774542 a multiple of 3?
True
Does 3405 divide 206261280?
True
Does 731 divide 744065348?
False
Is 998 a factor of 20784348?
True
Is 12 a factor of 109089756?
True
Is 216 a factor of 62997403?
False
Does 1447 divide 18255849?
False
Is 217 a factor of 2652966?
False
Is 7377 a factor of 1869103531?
False
Is 552414493 a multiple of 154?
False
Is 94874904 a multiple of 669?
True
Does 369 divide 30041671?
False
Is 196 a factor of 46787552?
True
Is 41024086 a multiple of 122?
True
Is 351 a factor of 80326701?
True
Is 169 a factor of 49996453?
True
Is 265001687 a multiple of 510?
False
Is 59 a factor of 11082458?
False
Is 10141944 a multiple of 8?
True
Is 850 a factor of 18933750?
True
Is 591 a factor of 57146424?
False
Does 42 divide 1088574984?
True
Does 14 divide 47217778?
False
Does 11 divide 56450681?
False
Is 10611514 a multiple of 727?
False
Does 21 divide 99543297?
True
Is 24 a factor of 1148213?
False
Is 33 a factor of 1145102508?
True
Is 157 a factor of 369541977?
False
Is 13 a factor of 123286446?
False
Is 18 a factor of 46338714?
True
Is 52 a factor of 721448208?
True
Is 2906497566 a multiple of 1827?
True
Is 212 a factor of 2043720492?
True
Is 1809101520 a multiple of 540?
True
Is 5652524 a multiple of 4?
True
Is 55783285 a multiple of 272?
False
Is 377 a factor of 65636044?
False
Is 190867271 a multiple of 75?
False
Does 517 divide 99493548?
True
Is 64869181 a multiple of 3016?
False
Is 623400 a multiple of 89?
False
Is 12520480 a multiple of 16?
True
Does 14 divide 386206224?
False
Is 2513165606 a multiple of 57?
False
Is 13 a factor of 38550590?
True
Does 17 divide 4404444?
False
Does 245 divide 20087278?
False
Is 20 a factor of 133516720?
True
Is 1326 a factor of 377320818?
False
Is 14 a factor of 113646907?
False
Is 250028718 a multiple of 299?
False
Does 2013 divide 680967705?
True
Does 34 divide 625836946?
True
Does 3535 divide 800804760?
True
Is 3466 a factor of 131818912?
True
Does 4 divide 480053515?
False
Is 4620724 a multiple of 38?
True
Does 74 divide 473936971?
False
Is 151430950 a multiple of 473?
True
Does 3076 divide 35787629?
False
Does 2 divide 1328258?
True
Is 83382832 a multiple of 103?
False
Does 7523 divide 2529744164?
True
Is 19017432 a multiple of 168?
True
Is 22 a factor of 3837413?
False
Is 1221 a factor of 136988509?
False
Is 32926651 a multiple of 6?
False
Is 593 a factor of 1054354?
True
Is 19 a factor of 34407138?
True
Is 2063950824 a multiple of 246?
True
Is 60 a factor of 5004238680?
True
Does 50 divide 261607650?
True
Does 145 divide 399732230?
True
Is 323 a factor of 85871488?
True
Is 3298 a factor of 586791090?
False
Does 13 divide 20288129?
False
Is 4524 a factor of 66606852?
True
Does 16 divide 47501264?
True
Does 48 divide 58399361?
False
Is 709176383 a multiple of 4?
False
Does 7 divide 74506271?
True
Does 2031 divide 37559283?
True
Does 53 divide 2976966488?
False
Is 102 a factor of 876123900?
True
Is 2826 a factor of 160098692?
False
Is 646286993 a multiple of 103?
True
Is 270675746 a multiple of 11?
True
Is 19266456 a multiple of 12?
True
Does 7 divide 78594833?
False
Is 7799684 a multiple of 662?
True
Does 38 divide 64808318?
False
Does 1133 divide 117374512?
False
Is 113 a factor of 1195696663?
False
Does 267 divide 139011974?
False
Does 87 divide 50555961?
True
Does 6374 divide 1133841275?
False
Is 1063 a factor of 9262982?
True
Does 1272 divide 55587672?
True
Is 1603 a factor of 898183342?
True
Is 5132693268 a multiple of 148?
False
Is 53495635 a multiple of 235?
True
Is 75897215 a multiple of 197?
False
Is 38894796 a multiple of 36?
True
Does 130 divide 14830010?
True
Is 7844 a factor of 1163092632?
True
Does 103 divide 49438146?
True
Does 10 divide 2730582340?
True
Does 554 divide 75717919?
False
Is 8461 a factor of 645520539?
False
Does 628 divide 66714324?
True
Is 77 a factor of 411699815?
False
Is 3256230 a multiple of 40?
False
Does 91 divide 361210400?
False
Is 1615375685 a multiple of 55?
True
Does 1631 divide 2519819974?
True
Is 1683248120 a multiple of 193?
False
Is 864 a factor of 1656540164?
False
Is 10 a factor of 5692423?
False
Does 8 divide 9929216?
True
Is 17 a factor of 109713550?
False
Is 6624255 a multiple of 3?
True
Is 427997944 a multiple of 377?
False
Is 71 a factor of 525981987?
True
Is 973 a factor of 73175743?
False
Does 90 divide 290967930?
True
Is 215 a factor of 76238470?
False
Is 5057324 a multiple of 2?
True
Is 139170447 a multiple of 13?
True
Is 41795600 a multiple of 56?
True
Is 94404598 a multiple of 25?
False
Is 96 a factor of 20799936?
True
Is 86261448 a multiple of 546?
True
Does 3151 divide 72487144?
False
Is 89527290 a multiple of 33?
False
Is 2535492532 a multiple of 12875?
False
Is 191 a factor of 632403934?
False
Does 217 divide 35741877?
False
Is 154 a factor of 5598670?
True
Is 14 a factor of 2594739602?
True
Does 5620 divide 674344026?
False
Is 36 a factor of 228857510?
False
Is 15 a factor of 248140?
False
Does 113 divide 44478947?
True
Does 431 divide 776208157?
True
Does 51 divide 12876939?
True
Does 5 divide 88258253?
False
Is 29 a factor of 522989741?
True
Does 76 divide 1028287524?
True
Is 771224805 a multiple of 65?
True
Is 9 a factor of 7911746?
False
Does 45 divide 26595636?
False
Is 59295920 a multiple of 150?
False
Is 785 a factor of 2524560?
True
Is 330900435 a multiple of 15?
True
Is 543 a factor of 2811448203?
True
Is 5 a factor of 25220675?
True
Is 1098307948 a multiple of 1367?
True
Is 184 a factor of 123120472?
True
Is 17 a factor of 257412890?
False
Does 236 divide 92969881?
False
Is 22 a factor of 17296758?
False
Does 22 divide 2638475934?
False
Is 2571253106 a multiple of 1460?
False
Is 39928429 a multiple of 56?
False
Is 91 a factor of 50524726?
False
Does 933 divide 1175839249?
False
Is 8 a factor of 875236227?
False
Is 8776 a factor of 2547778222?
False
Does 18 divide 329798412?
True
Is 31 a factor of 734359?
True
Is 43 a factor of 53126199?
True
Does 13 divide 563959647?
False
Does 71 divide 1075807?
False
Is 14 a factor of 4004056?
True
Is 67691028 a multiple of 175?
False
Is 26 a factor of 96897558?
False
Is 61361468 a multiple of 529?
False
Is 68592552 a multiple of 1241?
True
Is 9310176 a multiple of 72?
True
Does 124 divide 651560108?
True
Does 199 divide 392302033?
True
Does 5 divide 15435127?
False
Is 59 a factor of 10719297?
True
Is 34437032 a multiple of 239?
True
Is 4431526 a multiple of 374?
True
Is 868 a factor of 23186884?
True
Does 22 divide 5464829700?
True
Does 187 divide 241111774?
False
Does 204 divide 76462056?
True
Does 14 divide 18985874?
False
Is 13 a factor of 245368239?
False
Is 583959775 a multiple of 3325?
True
Does 112 divide 1401860?
False
Is 235 a factor of 14227803?
False
Is 50 a factor of 11893931?
False
Does 109 divide 17018061?
True
Is 8 a factor of 18458896?
True
Is 16214664 a multiple of 178?
False
Does 144 divide 27266400?
True
Does 534 divide 29834319?
False
Does 163 divide 279589010?
True
Is 124233187 a multiple of 481?
False
Is 14 a factor of 1512429940?
True
Is 22 a factor of 1720521924?
True
Does 354 divide 1699045589?
False
Does 26 divide 6876561?
False
Does 151 divide 41107938?
True
Is 3727 a factor of 187628361?
True
Is 793584322 a multiple of 3957?
False
Is 2187073036 a multiple of 46?
True
Is 42959832 a multiple of 24?
True
Is 3 a factor of 272632803?
True
Is 52136716 a multiple of 20?
False
Is 18897537 a multiple of 3?
True
Is 1284 a factor of 747642